What is the tens digit of (g/2)/(2/(-40))?
1
What is the units digit of 22/55 + (-1006)/(-10) + -1?
0
What is the units digit of -1 + 28/20 - (-1566)/10?
7
Let z = -3 - -5. What is the units digit of z?
2
Let v(l) = -29*l - 5. What is the tens digit of v(-9)?
5
Let b(c) = c**2 + c. Let y be b(1). What is the tens digit of y*(-2)/8*-44?
2
Suppose 116 = 4*r + 3*z + 2*z, -r - 3*z = -36. Let t(a) = a**3 - 8*a**2 - a + 8. Let i be t(8). Suppose 0*s + 2*s - r = i. What is the units digit of s?
2
Let b = -127 - -320. What is the hundreds digit of b?
1
Let h(s) = -s**2 + 6*s. Suppose 4*v - 15 - 5 = 0. What is the units digit of h(v)?
5
Suppose o = 4*o - 5*c - 93, c + 141 = 4*o. What is the tens digit of o?
3
Suppose -4*s - 3*z + 625 = 0, 6*s + z - 795 = s. What is the hundreds digit of s?
1
Let p = 38 - 6. Let n be 2/9 - p/(-18). What is the tens digit of ((-1)/(-3))/(n/78)?
1
Let v(j) = j**3 + 5*j**2 - 3*j + 2. Let r be v(-4). Suppose 5*z = 4*n + 1 + 98, -4*z - r = 2*n. Let c = n - -29. What is the units digit of c?
8
Suppose -2*f + 38 + 28 = 0. What is the tens digit of f?
3
Suppose -4*a = -a - 225. What is the units digit of a?
5
Suppose -3*y - 2 = -y. What is the units digit of (2 + 1 + -20)/y?
7
Suppose 3*o = 12, -6*o = -3*n - 3*o. Let s be -1 - 3/((-3)/n). Suppose -8 = -s*w - w. What is the units digit of w?
2
Let i(q) = 0 - 4*q**2 + q**2 + 2*q**2 + q + 1. Let m be i(0). What is the units digit of 2/m*(-12)/(-8)?
3
Let p be ((-6)/(-4))/((-4)/(-8)). Let q(c) = -c**2 + 5*c + 6. Let z be q(6). Suppose p*g + z*g = 15. What is the units digit of g?
5
Let w be (-36)/8*20/3. Let n = w + 56. What is the tens digit of n?
2
Suppose 3 = -5*t + 4*t. What is the units digit of -1 - t - (-10)/5?
4
Suppose -5 + 3 = o. What is the units digit of 34 + o/(-1) + -5?
1
Suppose -3*y - y + 12 = 0. Let s be (-1)/y*(-3 + 0). What is the tens digit of 21 - 0 - (s + 0)?
2
Let x(f) = f**2 - 3*f + 2. Let r be x(6). Suppose 2*o = 3*u - 0*o + 14, 5*u - 5*o = -r. What is the units digit of ((-16)/u)/(8/12)?
4
Suppose 3*h = 2 + 1. Let p = h + 0. What is the units digit of p?
1
Suppose 13 = -4*s - 15. Let x(m) = -m**2 - 8*m - 3. Let b be x(s). Let l = b + -3. What is the units digit of l?
1
What is the tens digit of (208/64)/(1/4)?
1
Suppose -3*y - 5*w = -52, 6*y = 2*y - 3*w + 84. What is the tens digit of y?
2
Suppose 163 = 3*v + 2*h, 2*v - 112 = -5*h + 2*h. What is the units digit of v?
3
Let s be ((-4)/(-4))/(1/(-110)). Let q = -69 - s. What is the units digit of q?
1
Let y = 30 + -14. Let u(r) = -r**2. Let d be u(3). Let o = d + y. What is the units digit of o?
7
Let a(g) be the first derivative of 9*g**2 - 3*g - 3. Let l(d) = 1. Let t(o) = a(o) + 3*l(o). What is the units digit of t(1)?
8
Let t = 8 - 8. Suppose t*v = v. Suppose -4*j + 8 = -v. What is the units digit of j?
2
Let y = 7 - 10. Let i(l) be the second derivative of l**4/12 - l**3/3 - l**2/2 - l. What is the units digit of i(y)?
4
Let c = 1 - -7. Let v = c - 3. Suppose -v*l + 3 = -2. What is the units digit of l?
1
Let z(s) = -s**3 + 7*s**2 - 7*s + 6. Let y be z(5). Suppose 2*p = 5*p - 99. Let x = p - y. What is the tens digit of x?
1
Let o(y) = y. Let u be o(-1). Let g(t) = -3*t**3 - 2*t**2 + 1. Let k be g(u). Suppose 3*w = k*w + 3. What is the units digit of w?
3
Let n = 8 + 0. What is the units digit of ((-9)/2)/((-4)/n)?
9
Let k(h) be the third derivative of -h**6/120 - h**5/12 - h**4/24 + h**3/3 + 4*h**2. What is the units digit of k(-5)?
7
Let r(x) = x**3 - 13*x**2 + 4*x - 30. What is the tens digit of r(13)?
2
Suppose 0 = 2*u - 15 - 53. What is the units digit of u?
4
Suppose 4*r = -v - v + 74, 5*r - 87 = 3*v. What is the tens digit of r?
1
Let z = -4 + 7. Suppose -68 + 23 = -5*u + 5*g, -u = -4*g + z. What is the tens digit of u?
1
Let i be ((-24)/10)/((-6)/30). Suppose 3*l = 3*a - i, -4*a + 4*l = 5*l - 21. What is the units digit of a?
5
Let m(f) = f - 1. Let z(x) = -x**2 + 5*x - 3. Let v be z(4). Let y be m(v). Suppose y = -a - 2 + 7. What is the units digit of a?
5
Suppose -17 = -z - 4*t, 2*t - 29 = -4*z - t. Let d(i) = -2*i**2 + i - 1. Let v be d(z). Let x = v - -64. What is the tens digit of x?
1
What is the tens digit of (2205/(-30))/(((-3)/4)/1)?
9
Suppose -3*s - 3 = -5*o - 1, -o - 1 = -2*s. What is the units digit of s?
1
Suppose 490 = -0*s + 5*s. Suppose -2*z = o - 30 - 44, -5*o = -2*z + s. What is the units digit of z?
9
Let q be (2 + -1)/(-2 - -3). Suppose 0 = -4*y + q + 7. What is the units digit of y?
2
Let k(h) = 6*h**2 - h + 0*h**2 + 4*h - h**3 - h**2. What is the tens digit of k(5)?
1
Suppose 3*j - 400 = -5*j. What is the units digit of j?
0
Suppose 0 = t, 0 = -0*r - 3*r + 2*t + 9. Suppose -3*i + r*x + 78 = 0, 3*i - 4*x = 107 - 24. What is the units digit of i?
1
Suppose 2*f = f - 9. Let w(v) = -v**2 - 8*v + 11. What is the units digit of w(f)?
2
Let l(z) = z**3 - 3*z**2 - 7*z + 1. Let r be (-5 - 0/(-2))*-1. What is the units digit of l(r)?
6
Let q = -92 + 156. What is the tens digit of q?
6
Suppose 0 - 414 = -9*l. What is the tens digit of l?
4
Suppose 2*u - 45 = -3*f, 4*f + 15 = 5*f + 3*u. Suppose 2*k = -3 + f. What is the units digit of k?
6
Let n(w) = -w**2 + 8*w + 5. Let m be 5 + -7 - (-9 - 1). Let y be n(m). Suppose y*s - 48 = -8. What is the units digit of s?
8
What is the units digit of ((-404)/8 - (0 - -3))*-2?
7
Let w(p) = 7*p**2 - p - 1. What is the units digit of w(2)?
5
Let x(j) = j + 5*j - 11 + j. What is the units digit of x(8)?
5
Let b(s) = -s**3 - s**2 - s. Let j be b(-1). What is the units digit of 245/20 + j/(-4)?
2
Let x = 37 - 3. What is the tens digit of x?
3
Let f be 2*(-2)/(-2) + -9. What is the tens digit of (-163)/f + (-12)/42?
2
Let j = 222 + -47. What is the units digit of j?
5
Let t(x) = -21*x**2 + 2*x + 1. Let j be t(-1). What is the tens digit of (-466)/j + (-2)/11?
2
Let v(y) = -y**2 + 38*y - 18. What is the hundreds digit of v(19)?
3
Let w(o) = -o**3 + 15*o**2 + 15*o + 23. What is the units digit of w(16)?
7
What is the units digit of 1/(230/(-235) + 1)?
7
Let d(p) = 12*p**2 + 5*p + 4. What is the hundreds digit of d(3)?
1
Let t(r) = 4*r - 5. Let d be t(6). What is the tens digit of d + (1 - -1) + -1?
2
Suppose 5*x = 1 - 6. Let s(y) = -8*y**3 + y + 1. Let c be s(x). Suppose 4*i - 20 - c = 0. What is the units digit of i?
7
Let a(h) = -h**2 - 7*h - 1. Let n = 3 + -8. What is the units digit of a(n)?
9
Suppose f - 30 = 4*f. What is the units digit of 12/(-9)*15/f?
2
Suppose w - 1 = 4. Suppose -4 = -2*k - 3*q, -k + w*q + 0*q = -15. Suppose 3 = k*r - 17. What is the units digit of r?
4
Suppose r - 2*w + w = -3, -r + 1 = 3*w. What is the tens digit of 16 + r + (-5 - -4)?
1
Let x be ((-4)/(-6))/(14/189). Let f(m) = m**2 - 4. Let a be f(-3). What is the units digit of x + (-3)/(-2 + a)?
8
Suppose 4*y - 3*f = 55, 10 = 3*y - 2*y + 3*f. Let v = 20 - y. What is the units digit of v?
7
Let c = -7 - -4. Let a be (-2)/(-3) - 55/c. Suppose 5*l = a + 11. What is the units digit of l?
6
Suppose -2*d = -7*d - 5*z + 970, 5*d = 4*z + 961. What is the tens digit of d?
9
Let q be (-1)/((-2)/10*-1). Let r(n) = n**2 + 2*n - 3. Let s be r(q). Suppose 0 = 3*w - 5*u - s - 34, -u + 35 = 2*w. What is the tens digit of w?
1
Suppose 0 = -3*z - 3*t + 18, 3*z - 2*z + 2 = 3*t. Suppose -y - z*y = -10. What is the units digit of y?
2
Suppose 0 = 2*x - n + 17, 5*x - 4*n + 50 = n. Let q = x + 13. What is the units digit of q?
6
Suppose -3*h + 5*h - 4 = 0. Suppose 6 = -3*m - 0. What is the units digit of 24*((-5)/m - h)?
2
Suppose -155 = -f + 54. What is the tens digit of f?
0
Suppose 0*w = 4*w + 28. Let t = -3 - w. What is the units digit of t?
4
Let x(r) = -r**2 - 6*r - 1. Let c be x(-6). What is the units digit of 14 + -1 + 0 + c?
2
Suppose 44*u + 80 = 49*u. What is the tens digit of u?
1
Suppose l - 162 = -5*w, -w = -0*l + 2*l - 324. What is the hundreds digit of l?
1
Suppose 5*q = -g + 81, 43 = g - 3*q - 14. What is the tens digit of g?
6
Let t be 1 + 0 + -2 + 2. Let y(n) = -n**3 + 3*n**2 - n. What is the units digit of y(t)?
1
Suppose -3*j = -4*y + 30, -2*y - 2 + 4 = 5*j. What is the units digit of y + (8/2 - 2)?
8
Let d be 252/3*(-1)/(-2). Let j = d + -30. What is the tens digit of j?
1
Let r = -2 + 2. Suppose -3*b + 9 = 5*m, 3*b = -2*m - r*m. What is the units digit of 17/m - 4/6?
5
